 - 9. Let z be h(-5). Let o = z - -417. Calculate the remainder when 191 is divided by o.
26
Suppose 0 = 4*b + 5*w - 87, -3*w + 112 = 5*b - 13. Calculate the remainder when 195 is divided by b.
27
Suppose 4*u + 24*k - 2032 = 22*k, -k = 5*u - 2543. What is the remainder when u is divided by 83?
11
Let q(l) = 149*l**3 + 6*l**2 - 9*l - 3. What is the remainder when 519 is divided by q(1)?
90
Suppose -30*c - 83 = -2*i - 25*c, 3*i - 2*c = 152. What is the remainder when 513 is divided by i?
27
Suppose -107 = -5*n - 3*x - 37, -65 = -5*n - 2*x. Suppose n*h - 849 = -178. What is the remainder when 188 is divided by h?
5
Suppose 3*m - 6 = 3*h - 21, h + 10 = -4*m. Let d be ((-112)/(-6))/(4/6). Let x = d - 18. What is the remainder when x is divided by h?
0
Suppose -5*u = -o + 1134, -9*u + 1981 = 2*o - 211. Calculate the remainder when o is divided by 229.
198
Let v = 56 + -26. Let n(m) = -9*m**2 - 52*m - 2. Calculate the remainder when n(-5) is divided by v.
3
Let f(j) = -11*j**2 + 71*j - 7. Let p be f(6). Suppose -71 = -p*k + 44. What is the remainder when 10 is divided by k?
0
Suppose 0 = 2*h + 2 - 0. What is the remainder when 33 - 3 - 1/h is divided by ((-28)/21)/(12/(-99))?
9
Let v = -94 + 192. Suppose 9*i - 2*i = v. Calculate the remainder when 54 is divided by i.
12
Suppose -3*p = -747 + 48. What is the remainder when p is divided by (-6 - (0 + -3))/((-5)/65)?
38
Suppose -j - 2 + 4 = -r, 4*r + 2*j - 16 = 0. Suppose -l - 259 = k, 8 = 5*k - r. What is the remainder when (-58)/l + ((-70)/(-9) - -2) is divided by 5?
0
Let k = 1531 + -540. What is the remainder when 2982 is divided by k?
9
Suppose -57*n - 93*n = 231*n - 15240. What is the remainder when 391 is divided by n?
31
Suppose 0 = -2*v + 2*o - 58, 4*o - 190 + 50 = 5*v. Calculate the remainder when (-74)/(-18)*-3*-3 is divided by 20/3*v/(-16).
7
Suppose 102 = -p + 3*p. Let d = -16540 + 16842. What is the remainder when d is divided by p?
47
Let l be (-1)/(-2) - -1*82/4. Let n(y) = -2*y**2 + 45*y - 23. Calculate the remainder when n(l) is divided by ((-3 + 27)*-1)/(-1).
16
Suppose -287*j + 4808 = -295*j. Let k = j - -698. Let s(h) = h**2 - h + 33. What is the remainder when k is divided by s(0)?
31
Suppose -4*o = 2*b - 11 - 9, 3*b + 20 = 4*o. Suppose -q + 1 - 15 = -y, -o*q = -2*y + 73. What is the remainder when 15*q/25*-4 is divided by 13?
10
Suppose 1683*s = 1689*s - 330. Calculate the remainder when 180 is divided by s.
15
Suppose 0 = 180*b - 165*b - 1245. Calculate the remainder when b is divided by 56.
27
Suppose -7*i = 2*i - 378. Let h = 118 - i. What is the remainder when 149 is divided by h?
73
Let k be -2 - (-2 + 3/((-6)/4)). What is the remainder when (6 - (3 + -5)*k) + 5 is divided by 4?
3
Calculate the remainder when (-2 + 5)*(2/6)/((-5)/(-10290)) is divided by 48.
42
Let n = -76 - -92. Suppose -n*k + 14*k = 58. Calculate the remainder when (k/(-2))/((5/10)/1) is divided by 16.
13
Let n = 1362 + -1337. Let b(v) = v**3 + 13. Let p = -5 + 5. What is the remainder when n is divided by b(p)?
12
Let o = 4957 + -4856. Calculate the remainder when 346 is divided by o.
43
Calculate the remainder when 302 is divided by -2 - 8/(-5) - 83*48/(-60).
38
Let w(k) = -k**2 - 6*k + 1. Let a(z) = -2*z. Let i be a(3). What is the remainder when w(i) is divided by ((168/(-32))/21)/((-2)/8)?
0
Let y(b) = -84*b + 819. What is the remainder when y(-23) is divided by 27?
24
Suppose -2*c - 3*d = 373 + 1382, 2*c + 1747 = 5*d. Let a = c + 932. What is the remainder when 167 is divided by a?
55
Suppose -146*r = 3*r - 78454 - 80082. What is the remainder when r is divided by 15?
14
Calculate the remainder when 32/((-9)/(-5580)*10) - -5 is divided by 80.
69
Suppose 0 = s + 2, 30*t - 33*t + 19 = -2*s. Let j = 1 + 3. Calculate the remainder when t is divided by j.
1
Suppose -4*x - 14*g + 15*g = -1547, -3*x - 3*g = -1134. What is the remainder when x is divided by 141?
103
Let f be 8 - ((-1 - -3)*-1 - -5). Suppose -w + f*w - 506 = 2*y, 5*w = -3*y + 605. What is the remainder when w is divided by 9?
7
Suppose -401 = 3*l - 5*l + a, 0 = l - a - 202. Let r = -178 + l. Calculate the remainder when 246 is divided by r.
15
Let l(x) = 3*x + 32050. Let f be l(0). What is the remainder when f/90 + (-3)/27 is divided by 15?
11
Suppose 3*i + 64 - 70 = 0. Suppose 19 + 21 = i*b + 2*y, -b + y = -16. What is the remainder when 26 is divided by b?
8
Let u = -241 + 248. What is the remainder when (-5 - u/7) + 65 is divided by 10?
9
Suppose 6*i - 3*i + 48 = -2*n, n = 2*i + 25. Let s(r) = -r**3 - 15*r**2 - 13*r + 34. What is the remainder when s(i) is divided by 10?
0
Suppose 0*u = -v - 3*u + 7, 0 = -3*v + 3*u - 15. Suppose n = -2*n - 51. Calculate the remainder when 48 is divided by (3 + -1)*n/v.
14
Suppose -114*g + 30835 + 66812 = -38811. Calculate the remainder when g is divided by 173.
159
Calculate the remainder when (1083 - (-2 + 6))/(0 - -1) is divided by 45.
44
Suppose 48*k - 59*k = -7766. Let q = -691 + k. Suppose 5*x - 69 = -19. What is the remainder when q is divided by x?
5
Let n(x) = x**2 - 4*x - 14. Let p be 6 + (-4 - ((-4 - 6) + 5)). What is the remainder when 24 is divided by n(p)?
3
Suppose -3330 - 999 = -39*u. Calculate the remainder when 185 is divided by u.
74
Suppose -340*v + 350*v - 120 = 0. Suppose 0 = -5*f + 605 - 160. Calculate the remainder when f is divided by v.
5
Let q(p) = 4*p**2 + 23. Let m = 789 - 1766. Calculate the remainder when 12/66 + m/(-11) is divided by q(0).
20
Let f(w) = 19*w - 56. Suppose 7*m - 230 + 202 = 0. Let t(b) = 9*b**3 + 2*b**2 - 2*b + 3. Calculate the remainder when t(2) is divided by f(m).
19
Let a be 1 - 127/(-7) - (-1)/(-7). Suppose 33*o - a*o = 2184. What is the remainder when o is divided by 40?
36
Let m = -248 + 252. Suppose 0 = 3*s + m*k - 79, -3*k - 66 = -2*s + k. Calculate the remainder when s is divided by 18.
11
Let c(u) = -134*u + 445. Suppose -r + 136 = -2*y, 2*r + 3*y = -72 + 316. What is the remainder when r is divided by c(3)?
42
Let c = 357 + -665. Let p = c - -348. What is the remainder when p is divided by 27?
13
Suppose 5*q - 1051 = 4*a, 132*q + 3*a - 609 = 129*q. What is the remainder when 374 is divided by q?
167
Calculate the remainder when 2059 is divided by (-2322)/(-18)*(-1 - -2).
124
Let p(c) = c**2 + 19*c - 1541. Calculate the remainder when 235 is divided by p(-50).
1
Let k be (3 + -2)/((-23)/(-11) - 2). Let i(b) = 14*b + 23. Calculate the remainder when i(k) is divided by 90.
87
Suppose -d = -3*q - 233, -5*d - 76*q + 74*q + 1233 = 0. What is the remainder when 735 is divided by d?
0
Let i = 331 + -320. Calculate the remainder when (6/8)/((i + -21)/(-2400)) is divided by 8.
4
Let t = -555 - -550. Let s(n) = 18*n**2 - 3*n - 51. Calculate the remainder when s(t) is divided by 16.
14
Let i(a) = a**2 - 77*a - 2151. Calculate the remainder when 7558 is divided by i(-22).
25
Let q(n) = -4*n + 35. Let p be q(8). Suppose p*u - 27 = 2*w + 20, -4*w = -3*u + 43. Calculate the remainder when 199 is divided by u.
12
Calculate the remainder when 194 is divided by 681/21 - 144/(-252).
29
Let q(a) = 4*a**3 + a**2 - 3*a. Let l be q(-3). What is the remainder when (-253)/(-6) - 2/12 is divided by (-4)/36*3*l/2?
12
Suppose 37 = -108*f + 253. Calculate the remainder when 78 is divided by f.
0
Let o be 1610/45 - (-2)/18*2. Suppose 2*x - o = -3*d, 4*d + 4*x - 21 = 27. Calculate the remainder when 55 is divided by d.
7
Suppose -2632*j + 2625*j = -217. What is the remainder when 201 is divided by j?
15
Let y = 207 + 111. Let f be 2/(-13) + y/39. Suppose 0 = d + f*d - 234. What is the remainder when d is divided by 14?
12
Let o(l) be the second derivative of l**5/20 + l**4/12 - l**3/6 + 5*l**2/2 - 6*l. Calculate the remainder when 13/(-52) - (174/8)/(-3) is divided by o(0).
2
Let s(h) = 6*h**2 + 104*h - 409. What is the remainder when s(-28) is divided by 72?
15
Suppose 0 = -5*p + c + 5655, 2*p + 0*c + c = 2262. Suppose h = 2*a - 27, -6 = 3*a - h - 47. Calculate the remainder when p is divided by a.
11
Suppose 479*t - 472*t = 207 + 7724. Calculate the remainder when t is divided by 558.
17
Let w = -8703 + 24711. What is the remainder when w is divided by 9?
6
Let g = 64 - -6. Let z = 272 - 191. Suppose 82*u - 18 = z*u. What is the remainder when g is divided by u?
16
Suppose 4